{"id":412,"date":"2024-05-20T08:02:39","date_gmt":"2024-05-20T06:02:39","guid":{"rendered":"https:\/\/www.caroocreations.com\/?post_type=product&#038;p=412"},"modified":"2024-05-20T08:02:39","modified_gmt":"2024-05-20T06:02:39","slug":"sac-fourre-tout-lecture-addict","status":"publish","type":"product","link":"https:\/\/www.caroocreations.com\/?product=sac-fourre-tout-lecture-addict","title":{"rendered":"Sac fourre-tout lecture addict"},"content":{"rendered":"<p>Sac fourre-tout sp\u00e9cial biblioth\u00e8que pour addict \u00e0 la lecture !<\/p>\n<p>Id\u00e9al pour transporter vos livres au quotidien mais \u00e9galement toutes vos affaires !<\/p>\n<p>Enti\u00e8rement doubl\u00e9<\/p>\n<p>100 % coton<img decoding=\"async\" class=\"alignnone size-full wp-image-413\" src=\"https:\/\/www.caroocreations.com\/wp-content\/uploads\/2024\/05\/IMG_0184.heic\" alt=\"\" \/><\/p>\n","protected":false},"excerpt":{"rendered":"<p>Sac fourre-tout sp\u00e9cial biblioth\u00e8que pour addict \u00e0 la lecture !<\/p>\n<p>Id\u00e9al pour transporter vos livres au quotidien mais \u00e9galement toutes vos affaires !<\/p>\n<p>Enti\u00e8rement doubl\u00e9<\/p>\n<p>100 % coton<\/p>\n","protected":false},"featured_media":414,"comment_status":"open","ping_status":"closed","template":"","meta":{"_crdt_document":"","jetpack_post_was_ever_published":false},"product_brand":[],"product_cat":[24],"product_tag":[],"class_list":{"0":"post-412","1":"product","2":"type-product","3":"status-publish","4":"has-post-thumbnail","6":"product_cat-sacs-fourre-tout","8":"first","9":"instock","10":"purchasable","11":"product-type-simple"},"yoast_head":"<!-- This site is optimized with the Yoast SEO plugin v27.1.1 - https:\/\/yoast.com\/product\/yoast-seo-wordpress\/ -->\n<title>Sac fourre-tout lecture addict - Caroo Creations<\/title>\n<meta name=\"description\" content=\"Sac fourre-tout sp\u00e9cial biblioth\u00e8que pour addict \u00e0 la lecture !Id\u00e9al pour transporter vos livres au quotidien mais \u00e9galement toutes vos affaires !Enti\u00e8rement doubl\u00e9100 % coton\" \/>\n<meta name=\"robots\" content=\"index, follow, max-snippet:-1, max-image-preview:large, max-video-preview:-1\" \/>\n<link rel=\"canonical\" href=\"https:\/\/www.caroocreations.com\/?product=sac-fourre-tout-lecture-addict\" \/>\n<meta property=\"og:locale\" content=\"fr_FR\" \/>\n<meta property=\"og:type\" content=\"article\" \/>\n<meta property=\"og:title\" content=\"Sac fourre-tout lecture addict - Caroo Creations\" \/>\n<meta property=\"og:description\" content=\"Sac fourre-tout sp\u00e9cial biblioth\u00e8que pour addict \u00e0 la lecture !Id\u00e9al pour transporter vos livres au quotidien mais \u00e9galement toutes vos affaires !Enti\u00e8rement doubl\u00e9100 % coton\" \/>\n<meta property=\"og:url\" content=\"https:\/\/www.caroocreations.com\/?product=sac-fourre-tout-lecture-addict\" \/>\n<meta property=\"og:site_name\" content=\"Caroo Creations\" \/>\n<meta property=\"article:publisher\" content=\"https:\/\/www.facebook.com\/caroocreations\" \/>\n<meta property=\"og:image\" content=\"https:\/\/www.caroocreations.com\/wp-content\/uploads\/2024\/05\/Photoroom_20240520_074427.jpg\" \/>\n\t<meta property=\"og:image:width\" content=\"2157\" \/>\n\t<meta property=\"og:image:height\" content=\"2156\" \/>\n\t<meta property=\"og:image:type\" content=\"image\/jpeg\" \/>\n<meta name=\"twitter:card\" content=\"summary_large_image\" \/>\n<meta name=\"twitter:label1\" content=\"Dur\u00e9e de lecture estim\u00e9e\" \/>\n\t<meta name=\"twitter:data1\" content=\"1 minute\" \/>\n<script type=\"application\/ld+json\" class=\"yoast-schema-graph\">{\"@context\":\"https:\/\/schema.org\",\"@graph\":[{\"@type\":\"WebPage\",\"@id\":\"https:\/\/www.caroocreations.com\/?product=sac-fourre-tout-lecture-addict\",\"url\":\"https:\/\/www.caroocreations.com\/?product=sac-fourre-tout-lecture-addict\",\"name\":\"Sac fourre-tout lecture addict - Caroo Creations\",\"isPartOf\":{\"@id\":\"https:\/\/www.caroocreations.com\/#website\"},\"primaryImageOfPage\":{\"@id\":\"https:\/\/www.caroocreations.com\/?product=sac-fourre-tout-lecture-addict#primaryimage\"},\"image\":{\"@id\":\"https:\/\/www.caroocreations.com\/?product=sac-fourre-tout-lecture-addict#primaryimage\"},\"thumbnailUrl\":\"https:\/\/www.caroocreations.com\/wp-content\/uploads\/2024\/05\/Photoroom_20240520_074427.jpg\",\"datePublished\":\"2024-05-20T06:02:39+00:00\",\"description\":\"Sac fourre-tout sp\u00e9cial biblioth\u00e8que pour addict \u00e0 la lecture !Id\u00e9al pour transporter vos livres au quotidien mais \u00e9galement toutes vos affaires !Enti\u00e8rement doubl\u00e9100 % coton\",\"breadcrumb\":{\"@id\":\"https:\/\/www.caroocreations.com\/?product=sac-fourre-tout-lecture-addict#breadcrumb\"},\"inLanguage\":\"fr-FR\",\"potentialAction\":[{\"@type\":\"ReadAction\",\"target\":[\"https:\/\/www.caroocreations.com\/?product=sac-fourre-tout-lecture-addict\"]}]},{\"@type\":\"ImageObject\",\"inLanguage\":\"fr-FR\",\"@id\":\"https:\/\/www.caroocreations.com\/?product=sac-fourre-tout-lecture-addict#primaryimage\",\"url\":\"https:\/\/www.caroocreations.com\/wp-content\/uploads\/2024\/05\/Photoroom_20240520_074427.jpg\",\"contentUrl\":\"https:\/\/www.caroocreations.com\/wp-content\/uploads\/2024\/05\/Photoroom_20240520_074427.jpg\",\"width\":2157,\"height\":2156},{\"@type\":\"BreadcrumbList\",\"@id\":\"https:\/\/www.caroocreations.com\/?product=sac-fourre-tout-lecture-addict#breadcrumb\",\"itemListElement\":[{\"@type\":\"ListItem\",\"position\":1,\"name\":\"Accueil\",\"item\":\"https:\/\/www.caroocreations.com\/\"},{\"@type\":\"ListItem\",\"position\":2,\"name\":\"Boutique\",\"item\":\"https:\/\/www.caroocreations.com\/?page_id=345\"},{\"@type\":\"ListItem\",\"position\":3,\"name\":\"Sac fourre-tout lecture addict\"}]},{\"@type\":\"WebSite\",\"@id\":\"https:\/\/www.caroocreations.com\/#website\",\"url\":\"https:\/\/www.caroocreations.com\/\",\"name\":\"Caroo Creations\",\"description\":\"Low fashion mode &amp; accessoires\",\"publisher\":{\"@id\":\"https:\/\/www.caroocreations.com\/#organization\"},\"potentialAction\":[{\"@type\":\"SearchAction\",\"target\":{\"@type\":\"EntryPoint\",\"urlTemplate\":\"https:\/\/www.caroocreations.com\/?s={search_term_string}\"},\"query-input\":{\"@type\":\"PropertyValueSpecification\",\"valueRequired\":true,\"valueName\":\"search_term_string\"}}],\"inLanguage\":\"fr-FR\"},{\"@type\":\"Organization\",\"@id\":\"https:\/\/www.caroocreations.com\/#organization\",\"name\":\"Caroo Creations\",\"url\":\"https:\/\/www.caroocreations.com\/\",\"logo\":{\"@type\":\"ImageObject\",\"inLanguage\":\"fr-FR\",\"@id\":\"https:\/\/www.caroocreations.com\/#\/schema\/logo\/image\/\",\"url\":\"https:\/\/www.caroocreations.com\/wp-content\/uploads\/2023\/07\/logovf-caroo-creations.jpg\",\"contentUrl\":\"https:\/\/www.caroocreations.com\/wp-content\/uploads\/2023\/07\/logovf-caroo-creations.jpg\",\"width\":532,\"height\":410,\"caption\":\"Caroo Creations\"},\"image\":{\"@id\":\"https:\/\/www.caroocreations.com\/#\/schema\/logo\/image\/\"},\"sameAs\":[\"https:\/\/www.facebook.com\/caroocreations\",\"https:\/\/www.instagram.com\/caroocreations\/\",\"https:\/\/www.youtube.com\/@carolinewilt3837\",\"https:\/\/www.threads.net\/\"]}]}<\/script>\n<!-- \/ Yoast SEO plugin. -->","yoast_head_json":{"title":"Sac fourre-tout lecture addict - Caroo Creations","description":"Sac fourre-tout sp\u00e9cial biblioth\u00e8que pour addict \u00e0 la lecture !Id\u00e9al pour transporter vos livres au quotidien mais \u00e9galement toutes vos affaires !Enti\u00e8rement doubl\u00e9100 % coton","robots":{"index":"index","follow":"follow","max-snippet":"max-snippet:-1","max-image-preview":"max-image-preview:large","max-video-preview":"max-video-preview:-1"},"canonical":"https:\/\/www.caroocreations.com\/?product=sac-fourre-tout-lecture-addict","og_locale":"fr_FR","og_type":"article","og_title":"Sac fourre-tout lecture addict - Caroo Creations","og_description":"Sac fourre-tout sp\u00e9cial biblioth\u00e8que pour addict \u00e0 la lecture !Id\u00e9al pour transporter vos livres au quotidien mais \u00e9galement toutes vos affaires !Enti\u00e8rement doubl\u00e9100 % coton","og_url":"https:\/\/www.caroocreations.com\/?product=sac-fourre-tout-lecture-addict","og_site_name":"Caroo Creations","article_publisher":"https:\/\/www.facebook.com\/caroocreations","og_image":[{"width":2157,"height":2156,"url":"https:\/\/www.caroocreations.com\/wp-content\/uploads\/2024\/05\/Photoroom_20240520_074427.jpg","type":"image\/jpeg"}],"twitter_card":"summary_large_image","twitter_misc":{"Dur\u00e9e de lecture estim\u00e9e":"1 minute"},"schema":{"@context":"https:\/\/schema.org","@graph":[{"@type":"WebPage","@id":"https:\/\/www.caroocreations.com\/?product=sac-fourre-tout-lecture-addict","url":"https:\/\/www.caroocreations.com\/?product=sac-fourre-tout-lecture-addict","name":"Sac fourre-tout lecture addict - Caroo Creations","isPartOf":{"@id":"https:\/\/www.caroocreations.com\/#website"},"primaryImageOfPage":{"@id":"https:\/\/www.caroocreations.com\/?product=sac-fourre-tout-lecture-addict#primaryimage"},"image":{"@id":"https:\/\/www.caroocreations.com\/?product=sac-fourre-tout-lecture-addict#primaryimage"},"thumbnailUrl":"https:\/\/www.caroocreations.com\/wp-content\/uploads\/2024\/05\/Photoroom_20240520_074427.jpg","datePublished":"2024-05-20T06:02:39+00:00","description":"Sac fourre-tout sp\u00e9cial biblioth\u00e8que pour addict \u00e0 la lecture !Id\u00e9al pour transporter vos livres au quotidien mais \u00e9galement toutes vos affaires !Enti\u00e8rement doubl\u00e9100 % coton","breadcrumb":{"@id":"https:\/\/www.caroocreations.com\/?product=sac-fourre-tout-lecture-addict#breadcrumb"},"inLanguage":"fr-FR","potentialAction":[{"@type":"ReadAction","target":["https:\/\/www.caroocreations.com\/?product=sac-fourre-tout-lecture-addict"]}]},{"@type":"ImageObject","inLanguage":"fr-FR","@id":"https:\/\/www.caroocreations.com\/?product=sac-fourre-tout-lecture-addict#primaryimage","url":"https:\/\/www.caroocreations.com\/wp-content\/uploads\/2024\/05\/Photoroom_20240520_074427.jpg","contentUrl":"https:\/\/www.caroocreations.com\/wp-content\/uploads\/2024\/05\/Photoroom_20240520_074427.jpg","width":2157,"height":2156},{"@type":"BreadcrumbList","@id":"https:\/\/www.caroocreations.com\/?product=sac-fourre-tout-lecture-addict#breadcrumb","itemListElement":[{"@type":"ListItem","position":1,"name":"Accueil","item":"https:\/\/www.caroocreations.com\/"},{"@type":"ListItem","position":2,"name":"Boutique","item":"https:\/\/www.caroocreations.com\/?page_id=345"},{"@type":"ListItem","position":3,"name":"Sac fourre-tout lecture addict"}]},{"@type":"WebSite","@id":"https:\/\/www.caroocreations.com\/#website","url":"https:\/\/www.caroocreations.com\/","name":"Caroo Creations","description":"Low fashion mode &amp; accessoires","publisher":{"@id":"https:\/\/www.caroocreations.com\/#organization"},"potentialAction":[{"@type":"SearchAction","target":{"@type":"EntryPoint","urlTemplate":"https:\/\/www.caroocreations.com\/?s={search_term_string}"},"query-input":{"@type":"PropertyValueSpecification","valueRequired":true,"valueName":"search_term_string"}}],"inLanguage":"fr-FR"},{"@type":"Organization","@id":"https:\/\/www.caroocreations.com\/#organization","name":"Caroo Creations","url":"https:\/\/www.caroocreations.com\/","logo":{"@type":"ImageObject","inLanguage":"fr-FR","@id":"https:\/\/www.caroocreations.com\/#\/schema\/logo\/image\/","url":"https:\/\/www.caroocreations.com\/wp-content\/uploads\/2023\/07\/logovf-caroo-creations.jpg","contentUrl":"https:\/\/www.caroocreations.com\/wp-content\/uploads\/2023\/07\/logovf-caroo-creations.jpg","width":532,"height":410,"caption":"Caroo Creations"},"image":{"@id":"https:\/\/www.caroocreations.com\/#\/schema\/logo\/image\/"},"sameAs":["https:\/\/www.facebook.com\/caroocreations","https:\/\/www.instagram.com\/caroocreations\/","https:\/\/www.youtube.com\/@carolinewilt3837","https:\/\/www.threads.net\/"]}]}},"jetpack_sharing_enabled":true,"_links":{"self":[{"href":"https:\/\/www.caroocreations.com\/index.php?rest_route=\/wp\/v2\/product\/412","targetHints":{"allow":["GET"]}}],"collection":[{"href":"https:\/\/www.caroocreations.com\/index.php?rest_route=\/wp\/v2\/product"}],"about":[{"href":"https:\/\/www.caroocreations.com\/index.php?rest_route=\/wp\/v2\/types\/product"}],"replies":[{"embeddable":true,"href":"https:\/\/www.caroocreations.com\/index.php?rest_route=%2Fwp%2Fv2%2Fcomments&post=412"}],"version-history":[{"count":0,"href":"https:\/\/www.caroocreations.com\/index.php?rest_route=\/wp\/v2\/product\/412\/revisions"}],"wp:featuredmedia":[{"embeddable":true,"href":"https:\/\/www.caroocreations.com\/index.php?rest_route=\/wp\/v2\/media\/414"}],"wp:attachment":[{"href":"https:\/\/www.caroocreations.com\/index.php?rest_route=%2Fwp%2Fv2%2Fmedia&parent=412"}],"wp:term":[{"taxonomy":"product_brand","embeddable":true,"href":"https:\/\/www.caroocreations.com\/index.php?rest_route=%2Fwp%2Fv2%2Fproduct_brand&post=412"},{"taxonomy":"product_cat","embeddable":true,"href":"https:\/\/www.caroocreations.com\/index.php?rest_route=%2Fwp%2Fv2%2Fproduct_cat&post=412"},{"taxonomy":"product_tag","embeddable":true,"href":"https:\/\/www.caroocreations.com\/index.php?rest_route=%2Fwp%2Fv2%2Fproduct_tag&post=412"}],"curies":[{"name":"wp","href":"https:\/\/api.w.org\/{rel}","templated":true}]}}